{"id":17,"date":"2020-11-28T12:49:29","date_gmt":"2020-11-28T12:49:29","guid":{"rendered":"http:\/\/wp.lancs.ac.uk\/all\/?page_id=17"},"modified":"2026-02-26T12:51:30","modified_gmt":"2026-02-26T12:51:30","slug":"research","status":"publish","type":"page","link":"https:\/\/wp.lancs.ac.uk\/all\/research\/","title":{"rendered":"Research"},"content":{"rendered":"<h3><strong>Information-seeking and curiosity<\/strong><\/h3>\n<p><img loading=\"lazy\" decoding=\"async\" class=\" wp-image-77 alignright\" src=\"http:\/\/wp.lancs.ac.uk\/all\/files\/2020\/11\/reading-pointing-scaled-e1607821679184-267x300.jpg\" alt=\"\" width=\"199\" height=\"224\" srcset=\"https:\/\/wp.lancs.ac.uk\/all\/files\/2020\/11\/reading-pointing-scaled-e1607821679184-267x300.jpg 267w, https:\/\/wp.lancs.ac.uk\/all\/files\/2020\/11\/reading-pointing-scaled-e1607821679184-911x1024.jpg 911w, https:\/\/wp.lancs.ac.uk\/all\/files\/2020\/11\/reading-pointing-scaled-e1607821679184-768x863.jpg 768w, https:\/\/wp.lancs.ac.uk\/all\/files\/2020\/11\/reading-pointing-scaled-e1607821679184-1366x1536.jpg 1366w, https:\/\/wp.lancs.ac.uk\/all\/files\/2020\/11\/reading-pointing-scaled-e1607821679184-676x760.jpg 676w, https:\/\/wp.lancs.ac.uk\/all\/files\/2020\/11\/reading-pointing-scaled-e1607821679184.jpg 1708w\" sizes=\"auto, (max-width: 199px) 100vw, 199px\" \/><\/p>\n<p>From infancy, children notoriously engage both in independent exploration and in seeking information from others. We are interested in understanding the underlying cognitive mechanisms of curiosity-driven learning and its effects on learning outcomes. With regards to the autonomous exploration, we are looking at individual differences in infants&#8217; curiosity and what factors affect their self-guided information selection. On the active social learning side, we are conducting a series of studies to investigate how infants use their developmentally available communicative skills to solicit information from others in social learning contexts, especially in situations of knowledge-related uncertainty. We are also interested in the interplay between curiosity and creativity in early development.<\/p>\n<p>Check out our Curiosity Battery project: <a href=\"https:\/\/www.curiosity-battery.co.uk\">https:\/\/www.curiosity-battery.co.uk<\/a><\/p>\n<h4>Publications:<\/h4>\n<p><span style=\"font-size: 10pt\">Karada\u011f, D., Westermann, G., &amp; Bazhydai, M. (2026). Growing communicators: a fine-grained analysis of toddlers&#8217; communicative intentions from requestive and expressive, to information seeking and giving. <em>Infancy.<\/em>\u00a0<a href=\"https:\/\/doi.org\/10.1111\/infa.70072\">https:\/\/doi.org\/10.1111\/infa.70072<\/a><\/span><\/p>\n<p><span style=\"font-size: 10pt\">Bazhydai, M., Wong, M. K., Altmann, E. C., Jones, S. D., &amp; Westermann, G. (2026). No Evidence for Curiosity\u2010Driven Information Selection Advantage in Infants\u2019 Novel Word Learning. <i>Developmental Science<\/i>,\u00a0<i>29<\/i>(1), e70101. <a href=\"https:\/\/onlinelibrary.wiley.com\/doi\/full\/10.1111\/desc.70101\">https:\/\/onlinelibrary.wiley.com\/doi\/full\/10.1111\/desc.70101<\/a><\/span><\/p>\n<p><span style=\"font-size: 10pt\">Altmann, E. C., Bazhydai, M., Karada\u011f, D., &amp; Westermann, G. (2025). The Infant and Toddler Curiosity Questionnaire: A validated caregiver-report measure of curiosity in children from 5 to 24 months. <em>Infancy. <a href=\"https:\/\/onlinelibrary.wiley.com\/doi\/10.1111\/infa.70001?af=R\">https:\/\/onlinelibrary.wiley.com\/doi\/10.1111\/infa.70001?af=R<\/a><\/em><\/span><\/p>\n<p><span style=\"font-size: 10pt\">Altmann, E. C., Bazhydai, M., Westermann, G. (2025). Curious Choices: Infants\u2019 moment-to-moment information sampling is driven by their exploration history. <em>Cognition. <\/em><a href=\"https:\/\/doi.org\/10.1016\/j.cognition.2024.105976\">https:\/\/doi.org\/10.1016\/j.cognition.2024.105976<\/a><\/span><\/p>\n<p><span style=\"font-size: 10pt\">Bazhydai, M., Jones, S. D., &amp; Westermann, G. (Registered Report Stage 1 IPA). Does curiosity enhance word learning in 18-month-old infants? <em>Developmental Science. <\/em><a href=\"https:\/\/osf.io\/tvfqg\/\">https:\/\/osf.io\/tvfqg\/<\/a><\/span><\/p>\n<p><span style=\"font-size: 10pt\">Karada\u011f, D.*, Bazhydai, M., Ko\u015fkulu-Sancar, S., &amp; \u015een, H. (2024). The breadth and specificity of 18-month-old\u2019s infant-initiated interactions in naturalistic home settings. <em>Infant Behavior and Development.<\/em> <a href=\"https:\/\/www.sciencedirect.com\/science\/article\/pii\/S0163638324000067\">https:\/\/www.sciencedirect.com\/science\/article\/pii\/S0163638324000067<\/a><\/span><\/p>\n<p><span style=\"font-size: 10pt\">Bazhydai, M., &amp; Harris, P. L. (2021). <a href=\"https:\/\/doi.org\/10.1017\/S0140525X20001405.\">Infants actively seek and transmit knowledge via communication.<\/a> Commentary on Phillips et al &#8220;Knowledge before belief&#8221;. <em>Behavioral and Brain Sciences.<\/em> <a class=\"app-link app-link__text app-link--accent\" href=\"https:\/\/doi.org\/10.1017\/S0140525X20001405\" target=\"_blank\" rel=\"noopener\" data-v-1b245387=\"\" data-v-2957dcf9=\"\"><span class=\"text\" data-v-1b245387=\"\">https:\/\/doi.org\/10.1017\/S0140525X20001405<\/span><\/a><\/span><\/p>\n<p><span style=\"font-size: 10pt\">Bazhydai, M., Westermann, G., &amp; Parise, E. (2020). <a href=\"http:\/\/10.1111\/desc.12938\">\u201cI don\u2019t know but I know who to ask\u201d: 12-month-olds actively seek information from knowledgeable adults. <\/a><\/span><em style=\"font-size: 10pt\">Developmental Science.<\/em> <span style=\"font-size: 10pt\">doi:10.1111\/desc.12938.\u00a0 Watch the <a href=\"https:\/\/www.youtube.com\/watch?v=23dLPsa-fAY&amp;t=11s\">video abstract!<\/a><\/span><\/p>\n<p><span style=\"font-size: 10pt\">Bazhydai, M., Twomey, K., Westermann, G. (2020). <\/span><a style=\"font-size: 10pt\" href=\"https:\/\/eprints.lancs.ac.uk\/id\/eprint\/136590\/\">Curiosity and exploration.<\/a><span style=\"font-size: 10pt\"> In: Benson, J.B. (Ed.), <\/span><em style=\"font-size: 10pt\">Encyclopedia of Infant and Early Childhood Development,<\/em><span style=\"font-size: 10pt\"> 2nd edition. vol. 1 (pp. 370\u2013378). Elsevier. <\/span><a style=\"font-size: 10pt\" href=\"https:\/\/books.google.co.uk\/books?id=59LVDwAAQBAJ&amp;pg=PA370&amp;lpg=PA370&amp;dq=doi:10.1016\/B978-0-12-809324-5.05804-1&amp;source=bl&amp;ots=mTSoDuD5c3&amp;sig=ACfU3U1AM_EZcGWpea17KU1W4P6QaR7LnA&amp;hl=en&amp;sa=X&amp;ved=2ahUKEwjmvPGvo7DtAhWUr3EKHTJPBS0Q6AEwAHoECAgQAg#v=onepage&amp;q=doi%3A10.1016%2FB978-0-12-809324-5.05804-1&amp;f=false\">doi:10.1016\/B978-0-12-809324-5.05804-1<\/a><\/p>\n<p><span style=\"font-size: 10pt\">Ronfard, S., Unlutabak, B., Bazhydai, M., Nicolopoulou, A., &amp; Harris, P. L. (2020). <a href=\"https:\/\/journals.sagepub.com\/doi\/abs\/10.1177\/0165025420905344\">Preschoolers in Belarus and Turkey accept but do not empirically verify an adult\u2019s counter-intuitive claim<\/a>.<\/span><em style=\"font-size: 10pt\"> International Journal of Behavioral Development.<\/em> <a style=\"font-size: 10pt\" href=\"https:\/\/journals.sagepub.com\/doi\/abs\/10.1177\/0165025420905344\">doi:10.1177\/0165025420905344<\/a><\/p>\n<hr \/>\n<h3><strong>Information transformation and creativity<\/strong><\/h3>\n<p><img loading=\"lazy\" decoding=\"async\" class=\" wp-image-154 alignright\" src=\"http:\/\/wp.lancs.ac.uk\/all\/files\/2020\/12\/D7H_6406-Version-2-240x300.jpg\" alt=\"\" width=\"218\" height=\"272\" srcset=\"https:\/\/wp.lancs.ac.uk\/all\/files\/2020\/12\/D7H_6406-Version-2-240x300.jpg 240w, https:\/\/wp.lancs.ac.uk\/all\/files\/2020\/12\/D7H_6406-Version-2-768x959.jpg 768w, https:\/\/wp.lancs.ac.uk\/all\/files\/2020\/12\/D7H_6406-Version-2-676x844.jpg 676w, https:\/\/wp.lancs.ac.uk\/all\/files\/2020\/12\/D7H_6406-Version-2.jpg 820w\" sizes=\"auto, (max-width: 218px) 100vw, 218px\" \/><\/p>\n<p>This research theme concerns creativity, innovation, and play as cognitive processes, and the links between curiosity-driven information-seeking and creativity. It has been proposed that states of curiosity and wonder facilitate both optimal learning and creativity. We are particularly interested in children\u2019s innovative use of knowledge gained and actively sought through either social and autonomous means, and the differential effects of explicitly pedagogical instruction and intrinsically driven information-seeking on creative modification and ideation. We also aim to address the role of children&#8217;s affective states, especially when curiosity and creativity occur in highly ambiguous, and even potentially unsettling, contexts.<\/p>\n<h4>Publications:<\/h4>\n<p><span style=\"font-size: 10pt\">Bazhydai, M., &amp; Westermann, G. (2020). <a href=\"https:\/\/osf.io\/6fp93\/\">From curiosity, to wonder, to creativity: a cognitive developmental psychology perspective.<\/a> In A. Schinkel (Ed.), <em>Wonder, education, and human flourishing<\/em>. VU University Press.<\/span><\/p>\n<p><span style=\"font-size: 10pt\">Bazhydai, M., Ivcevic, Z., Widen, S. C., &amp; Brackett, M. A. (2019). <a href=\"https:\/\/eprints.lancs.ac.uk\/id\/eprint\/126597\/1\/Author_version._ICP._Emotion_Vocabulary_in_Adolescence.pdf\">Breadth of emotion vocabulary in early adolescence.<\/a> <em>Imagination, Cognition, and Personality, 38, 378-404.<\/em> doi:10.1177\/0276236618765403<\/span><\/p>\n<p><span style=\"font-size: 10pt\">Ivcevic, Z., Bazhydai, M.<strong>,<\/strong> Hoffmann, J., &amp; Brackett, M. (2017).\u00a0<a href=\"https:\/\/www.cambridge.org\/core\/books\/cambridge-handbook-of-creativity-across-domains\/creativity-in-the-domain-of-emotions\/662A4232CD3A200676E24391488DF6EC\">Creativity in the domain of emotions.<\/a> In J. C. Kaufman, V. Glaveanu, &amp; J. Baer (Eds.),\u00a0<em>Cambridge handbook of creativity across different domains <\/em>(pp. 525-549). Cambridge University Press, UK.<\/span><\/p>\n<p><span style=\"font-size: 10pt\">Hoffmann, J. D., Ivcevic, Z., Zamora, G., Bazhydai, M., &amp; Brackett, M. (2016). <a href=\"https:\/\/eprints.lancs.ac.uk\/id\/eprint\/89328\/1\/SPOE_D_15_00125_R2_1.pdf\">Intended persistence: Comparing academic and creative challenges in high school.<\/a> <em>Social Psychology of Education<\/em>, <em>19<\/em>, 793-814. doi:10.1007\/s11218-016-9362-x<\/span><\/p>\n<p><span style=\"font-size: 10pt\">Ebert (Bazhydai), M.,\u00a0Hoffmann, J. D., Ivcevic, Z., Phan, C., &amp; Brackett, M. (2015).\u00a0Teaching emotion and creativity skills through art: a workshop for children<em>. International Journal of Creativity and Problem Solving, 25, <\/em>23-35.\u00a0<\/span><\/p>\n<p><span style=\"font-size: 10pt\">Ebert (Bazhydai), M.,\u00a0Hoffmann, J. D., Ivcevic, Z., Phan, C., &amp; Brackett, M. (2015).\u00a0Creativity, emotion and art: Development and initial evaluation of a workshop for professional adults.\u00a0<em>International Journal of Creativity and Problem Solving<\/em><em>, 25<\/em>, 47-59.<\/span><\/p>\n<hr \/>\n<h3><strong>Information transmission and teaching<\/strong><\/h3>\n<p><img loading=\"lazy\" decoding=\"async\" class=\" wp-image-207 alignright\" src=\"http:\/\/wp.lancs.ac.uk\/all\/files\/2020\/12\/JIL4184-scaled-e1608400756971-300x286.jpg\" alt=\"\" width=\"273\" height=\"260\" srcset=\"https:\/\/wp.lancs.ac.uk\/all\/files\/2020\/12\/JIL4184-scaled-e1608400756971-300x286.jpg 300w, https:\/\/wp.lancs.ac.uk\/all\/files\/2020\/12\/JIL4184-scaled-e1608400756971-1024x975.jpg 1024w, https:\/\/wp.lancs.ac.uk\/all\/files\/2020\/12\/JIL4184-scaled-e1608400756971-768x731.jpg 768w, https:\/\/wp.lancs.ac.uk\/all\/files\/2020\/12\/JIL4184-scaled-e1608400756971-1536x1463.jpg 1536w, https:\/\/wp.lancs.ac.uk\/all\/files\/2020\/12\/JIL4184-scaled-e1608400756971.jpg 2016w\" sizes=\"auto, (max-width: 273px) 100vw, 273px\" \/><\/p>\n<p>In this line of research, we are interested in children&#8217;s active knowledge exchange in social interactions. Our research questions focus on the type of information children are more likely to transmit to others (i.e. complex or simple; socially or independently learned) and the social and epistemic profiles of people with whom they choose to share information (i.e. ignorant or knowledgeable, confident or shy; peer vs adult) . We conduct experimental laboratory-based and online studies of toddlers&#8217; active information transmission in social learning contexts, as well as investigate these behaviours as they occur spontaneously through analysing child-caregiver daily interactions.<\/p>\n<h4>Publications:<\/h4>\n<p><span style=\"font-size: 10pt\">Karada\u011f, D., Westermann, G., &amp; Bazhydai, M. (2026). Growing communicators: a fine-grained analysis of toddlers&#8217; communicative intentions from requestive and expressive, to information seeking and giving. <em>Infancy.<\/em>\u00a0<a href=\"https:\/\/doi.org\/10.1111\/infa.70072\">https:\/\/doi.org\/10.1111\/infa.70072<\/a><\/span><\/p>\n<p><span style=\"font-size: 10pt\">Moll, H., Qiu, F. W., Bazhydai, M., &amp; Frye, D. (2025). The Early Emergence of Pedagogical Knowledge: Introduction to the Research Topic&#8221; Children&#8217;s Teaching&#8221;.\u00a0<i>Frontiers in Developmental Psychology<\/i>,\u00a0<i>3<\/i>, 1699342.<a href=\"https:\/\/doi.org\/10.3389\/fdpys.2025.1699342\">https:\/\/doi.org\/10.3389\/fdpys.2025.1699342<\/a><\/span><\/p>\n<p><span style=\"font-size: 10pt\">Karada\u011f, D., Bazhydai, M., &amp; Westermann, G. (2025). Two-year-old but not 5-year-old children transmit previously instructed information. <em>Frontiers in Developmental Psychology<\/em>. <a href=\"https:\/\/www.frontiersin.org\/journals\/developmental-psychology\/articles\/10.3389\/fdpys.2025.1553491\/abstract\">https:\/\/www.frontiersin.org\/journals\/developmental-psychology\/articles\/10.3389\/fdpys.2025.1553491\/abstract<\/a><\/span><\/p>\n<p><span style=\"font-size: 10pt\">Karadag, D., Bazhydai, M., &amp; Westermann, G. (2024). Toddlers do not preferentially transmit generalizable information to others. <em>Developmental Science. <\/em>e13479. <a href=\"https:\/\/doi.org\/10.1111\/desc.13479\">https:\/\/doi.org\/10.1111\/desc.13479<\/a><\/span><\/p>\n<p><span style=\"font-size: 10pt\">Bazhydai, M., &amp; Karada\u011f, D. (2022). Can bifocal stance theory explain children&#8217;s selectivity in active information transmission? <em>Behavioral and Brain Sciences, 45,<\/em> E251.<a href=\"https:\/\/doi.org\/10.1017\/S0140525X22001327\"> doi:10.1017\/S0140525X22001327<\/a><\/span><\/p>\n<p><span style=\"font-size: 10pt\">Bazhydai, M., &amp; Harris, P. L. (2021). <a href=\"https:\/\/doi.org\/10.1017\/S0140525X20001405.\">Infants actively seek and transmit knowledge via communication.<\/a> Commentary on Phillips et al &#8220;Knowledge before belief&#8221;. <em>Behavioral and Brain Sciences. <\/em><a class=\"app-link app-link__text app-link--accent\" href=\"https:\/\/doi.org\/10.1017\/S0140525X20001405\" target=\"_blank\" rel=\"noopener\" data-v-1b245387=\"\" data-v-2957dcf9=\"\"><span class=\"text\" data-v-1b245387=\"\">https:\/\/doi.org\/10.1017\/S0140525X20001405<\/span><\/a>.<\/span><\/p>\n<p><span style=\"font-size: 10pt\">Gruber, T., Bazhydai., M., Sievers, C., Cl\u00e9ment, F., &amp; Dukes, D. (2021). <a href=\"https:\/\/doi.org\/10.1017\/S0140525X20001405.\">The ABC of social learning: Affect, Behaviour and Cognition.<\/a> <em>Psychological Review. <\/em><a href=\"https:\/\/psycnet.apa.org\/record\/2021-66338-001.\">https:\/\/psycnet.apa.org\/record\/2021-66338-001.<\/a><\/span><\/p>\n<p><span style=\"font-size: 10pt\">Bazhydai, M.*, Silverstein, P.*, Parise, E., &amp; Westermann, G. (2020). <a href=\"10.1111\/desc.12941\">Two-year old children preferentially transmit simple actions but not pedagogically demonstrated actions.<\/a> <em>Developmental Science.<\/em> <a href=\"10.1111\/desc.12941\">doi:10.1111\/desc.12941<\/a> <span style=\"font-size: 8pt\">(*equal contribution). <span style=\"font-size: 10pt\">Watch the <a href=\"https:\/\/www.youtube.com\/watch?v=oFkHSM4NsPE&amp;t=4s\">Video Abstract!<\/a><\/span><\/span><\/span><\/p>\n","protected":false},"excerpt":{"rendered":"<p>Information-seeking and curiosity From infancy, children notoriously engage both in independent exploration and in seeking information from others. We are interested in understanding the underlying cognitive mechanisms of curiosity-driven learning and its effects on learning outcomes. With regards to the autonomous exploration, we are looking at individual differences in infants&#8217; curiosity and what factors affect&hellip; <a href=\"https:\/\/wp.lancs.ac.uk\/all\/research\/\" class=\"more-link\">Continue reading <span class=\"screen-reader-text\">Research<\/span><\/a><\/p>\n","protected":false},"author":800,"featured_media":0,"parent":0,"menu_order":0,"comment_status":"closed","ping_status":"closed","template":"","meta":{"footnotes":""},"tags":[],"class_list":["post-17","page","type-page","status-publish","hentry","without-featured-image"],"_links":{"self":[{"href":"https:\/\/wp.lancs.ac.uk\/all\/wp-json\/wp\/v2\/pages\/17","targetHints":{"allow":["GET"]}}],"collection":[{"href":"https:\/\/wp.lancs.ac.uk\/all\/wp-json\/wp\/v2\/pages"}],"about":[{"href":"https:\/\/wp.lancs.ac.uk\/all\/wp-json\/wp\/v2\/types\/page"}],"author":[{"embeddable":true,"href":"https:\/\/wp.lancs.ac.uk\/all\/wp-json\/wp\/v2\/users\/800"}],"replies":[{"embeddable":true,"href":"https:\/\/wp.lancs.ac.uk\/all\/wp-json\/wp\/v2\/comments?post=17"}],"version-history":[{"count":67,"href":"https:\/\/wp.lancs.ac.uk\/all\/wp-json\/wp\/v2\/pages\/17\/revisions"}],"predecessor-version":[{"id":632,"href":"https:\/\/wp.lancs.ac.uk\/all\/wp-json\/wp\/v2\/pages\/17\/revisions\/632"}],"wp:attachment":[{"href":"https:\/\/wp.lancs.ac.uk\/all\/wp-json\/wp\/v2\/media?parent=17"}],"wp:term":[{"taxonomy":"post_tag","embeddable":true,"href":"https:\/\/wp.lancs.ac.uk\/all\/wp-json\/wp\/v2\/tags?post=17"}],"curies":[{"name":"wp","href":"https:\/\/api.w.org\/{rel}","templated":true}]}}