{"id":16,"date":"2016-11-21T15:05:47","date_gmt":"2016-11-21T15:05:47","guid":{"rendered":"https:\/\/universalmuseums.wordpress.com\/the-team\/"},"modified":"2020-03-16T11:44:42","modified_gmt":"2020-03-16T11:44:42","slug":"the-team","status":"publish","type":"page","link":"http:\/\/wp.lancs.ac.uk\/universalhistories\/the-team\/","title":{"rendered":"The Team"},"content":{"rendered":"<p>The project co-investigators were Prof <a href=\"https:\/\/www.vam.ac.uk\/info\/research-project-universal-histories\">Sandra Kemp<\/a>, Director, <em>The Ruskin \u2013 Library, Museum and Research Centre<\/em>, Lancaster University and Visiting Professor, Imperial College London; Prof <a href=\"https:\/\/www.parisnanterre.fr\/m-herve-inglebert--695949.kjsp\">Herv\u00e9<\/a><a href=\"https:\/\/www.parisnanterre.fr\/m-herve-inglebert--695949.kjsp\"> Inglebert<\/a>, Professor of Roman History, University Paris Nanterre; and <a href=\"https:\/\/fr.wikipedia.org\/wiki\/Andr%C3%A9_Delpuech\">Andr\u00e9 Delpuech<\/a>, Director, Mus\u00e9e de l\u2019Homme, Paris. The postdoctoral researcher was <a href=\"http:\/\/vam.academia.edu\/ChiaraZuanni\/Papers\">Chiara Zuanni<\/a>, Research Fellow, V&amp;A Museum.<\/p>\n<p>The project started at the V&amp;A and Mus\u00e9e du quai Branly but moved to Lancaster University and the Mus\u00e9e de l&#8217;Homee in 2017, when Sandra Kemp and Andr\u00e9 Delpuech changed affiliations. Chiara Zuanni is now Assistant Professor in Digital Humanities, University of Graz.<\/p>\n","protected":false},"excerpt":{"rendered":"<p>The project co-investigators were Prof Sandra Kemp, Director, The Ruskin \u2013 Library, Museum and Research Centre, Lancaster University and Visiting Professor, Imperial College London; Prof Herv\u00e9 Inglebert, Professor of Roman History, University Paris Nanterre; and Andr\u00e9 Delpuech, Director, Mus\u00e9e de l\u2019Homme, Paris. The postdoctoral researcher was Chiara Zuanni, Research Fellow, V&amp;A Museum. The project started &hellip; <a href=\"http:\/\/wp.lancs.ac.uk\/universalhistories\/the-team\/\" class=\"more-link\">Continue reading <span class=\"screen-reader-text\">The Team<\/span><\/a><\/p>\n","protected":false},"author":317,"featured_media":0,"parent":0,"menu_order":0,"comment_status":"closed","ping_status":"closed","template":"","meta":{"jetpack_post_was_ever_published":false,"footnotes":""},"class_list":["post-16","page","type-page","status-publish","hentry","without-featured-image"],"jetpack_sharing_enabled":false,"jetpack_shortlink":"https:\/\/wp.me\/P9Q5ty-g","_links":{"self":[{"href":"http:\/\/wp.lancs.ac.uk\/universalhistories\/wp-json\/wp\/v2\/pages\/16","targetHints":{"allow":["GET"]}}],"collection":[{"href":"http:\/\/wp.lancs.ac.uk\/universalhistories\/wp-json\/wp\/v2\/pages"}],"about":[{"href":"http:\/\/wp.lancs.ac.uk\/universalhistories\/wp-json\/wp\/v2\/types\/page"}],"author":[{"embeddable":true,"href":"http:\/\/wp.lancs.ac.uk\/universalhistories\/wp-json\/wp\/v2\/users\/317"}],"replies":[{"embeddable":true,"href":"http:\/\/wp.lancs.ac.uk\/universalhistories\/wp-json\/wp\/v2\/comments?post=16"}],"version-history":[{"count":6,"href":"http:\/\/wp.lancs.ac.uk\/universalhistories\/wp-json\/wp\/v2\/pages\/16\/revisions"}],"predecessor-version":[{"id":2093,"href":"http:\/\/wp.lancs.ac.uk\/universalhistories\/wp-json\/wp\/v2\/pages\/16\/revisions\/2093"}],"wp:attachment":[{"href":"http:\/\/wp.lancs.ac.uk\/universalhistories\/wp-json\/wp\/v2\/media?parent=16"}],"curies":[{"name":"wp","href":"https:\/\/api.w.org\/{rel}","templated":true}]}}