{"id":21,"date":"2015-01-15T14:30:06","date_gmt":"2015-01-15T14:30:06","guid":{"rendered":"http:\/\/wp.lancs.ac.uk\/sllat\/?page_id=21"},"modified":"2018-07-19T09:58:29","modified_gmt":"2018-07-19T09:58:29","slug":"2008-2009-programme-archive","status":"publish","type":"page","link":"http:\/\/wp.lancs.ac.uk\/sllat\/archive\/2008-2009-programme-archive\/","title":{"rendered":"2008 &#8211; 2009 Programme Archive"},"content":{"rendered":"<p>&nbsp;<\/p>\n<table class=\"data\" width=\"90%\" cellspacing=\"0\" cellpadding=\"0\">\n<tbody>\n<tr>\n<th valign=\"top\" width=\"129\"><strong>Date<\/strong><\/th>\n<th valign=\"top\" width=\"201\"><strong>Speaker<\/strong><\/th>\n<th valign=\"top\" width=\"575\"><strong>Topic<\/strong><\/th>\n<\/tr>\n<tr>\n<td valign=\"top\" width=\"130\">16 Oct 2008<\/td>\n<td valign=\"top\" width=\"200\">Judit Kormos<\/td>\n<td valign=\"top\">A draft research project design<\/td>\n<\/tr>\n<tr>\n<td valign=\"top\" width=\"130\">23 Oct 2008<\/td>\n<td valign=\"top\" width=\"200\">Chihiro Inoue<\/td>\n<td valign=\"top\">Elicitation tasks<\/td>\n<\/tr>\n<tr>\n<td valign=\"top\" width=\"130\">30 Oct 2008<\/td>\n<td valign=\"top\" width=\"200\">Virginia Samuda &amp; Martin Bygate<\/td>\n<td valign=\"top\">Field, purpose and involvement as dimensions in task performance<\/td>\n<\/tr>\n<tr>\n<td valign=\"top\" width=\"130\">6 Nov 2008<\/td>\n<td valign=\"top\" width=\"200\">Andrea R\u00e9v\u00e9sz<\/td>\n<td valign=\"top\">Task complexity, focus on L2 constructions, and individual differences: A classroom-based study<\/td>\n<\/tr>\n<tr>\n<td valign=\"top\" width=\"130\">13 Nov 2008<\/td>\n<td valign=\"top\" width=\"200\">Judit Kormos<\/td>\n<td valign=\"top\">Discussion of Larsen-Freeman, D. (2005). The emergence of complexity, fluency, and accuracy in the oral and written production of five Chinese learners of English\u201d in Applied Linguistics, 27, 590\u2013619.<\/td>\n<\/tr>\n<tr>\n<td valign=\"top\" width=\"130\">20 Nov 2008<\/td>\n<td valign=\"top\" width=\"200\">Andrea R\u00e9v\u00e9sz<\/td>\n<td valign=\"top\">Data analysis workshop: Analysing task-based interactions<\/td>\n<\/tr>\n<tr>\n<td valign=\"top\" width=\"130\">11 Dec 2008<\/td>\n<td valign=\"top\" width=\"200\">Hyeon Oak<\/td>\n<td valign=\"top\">Exploring EFL reading instruction in high school classrooms in Korea: The pedagogic life of the grammar translation method<\/td>\n<\/tr>\n<tr>\n<td valign=\"top\">15 Jan 2009<\/td>\n<td valign=\"top\">Neil Millar<\/td>\n<td valign=\"top\">The processing demands of learner collocations on native speakers: Evidence from self-paced reading<\/td>\n<\/tr>\n<tr>\n<td valign=\"top\">22 Jan 2009<\/td>\n<td valign=\"top\">Scott Miles<\/td>\n<td valign=\"top\">The impact of different degrees of massing\/ spacing of practice activities on L2 learning<\/td>\n<\/tr>\n<tr>\n<td valign=\"top\">29 Jan 2009<\/td>\n<td valign=\"top\">Judit Kormos<\/td>\n<td valign=\"top\">Language learning experiences of dyslexic learners<\/td>\n<\/tr>\n<tr>\n<td valign=\"top\">05 Feb 2009<\/td>\n<td valign=\"top\">Xing Chao Hu; Martin Bygate<\/td>\n<td valign=\"top\">The effects of levels of grounding criterion on L2 interaction and learning<\/td>\n<\/tr>\n<tr>\n<td valign=\"top\">12 Feb 2009<\/td>\n<td valign=\"top\">Abdulaziz Youssef Alturki<\/td>\n<td valign=\"top\">Comparing knowledge of English nominal and verbal inflectional morphology in L2 speakers<\/td>\n<\/tr>\n<tr>\n<td valign=\"top\">26 Feb 2009<\/td>\n<td valign=\"top\">Andrea R\u00e9v\u00e9sz<\/td>\n<td valign=\"top\">Recasts, working memory, and L2 development<\/td>\n<\/tr>\n<tr>\n<td valign=\"top\">05 March 2009<\/td>\n<td valign=\"top\">Al Al-Ghamdi<\/td>\n<td valign=\"top\">Language learning strategies in using information technology in language learning<\/td>\n<\/tr>\n<tr>\n<td valign=\"top\">12 March 2009<\/td>\n<td valign=\"top\">Sarah Mercer<\/td>\n<td valign=\"top\">TBA<\/td>\n<\/tr>\n<tr>\n<td valign=\"top\">19 March 2009<\/td>\n<td valign=\"top\">Marjorie Desveaux<\/td>\n<td valign=\"top\">Classroom data<\/td>\n<\/tr>\n<tr>\n<td valign=\"top\">30 April 2009<\/td>\n<td valign=\"top\">Rosa Mar\u00eda Jim\u00e9nez Catal\u00e1n<\/td>\n<td valign=\"top\">The development of lexical competence in the acquisition of English as a foreign language<\/td>\n<\/tr>\n<tr>\n<td valign=\"top\">7 May 2009<\/td>\n<td valign=\"top\">Karen Baird<\/td>\n<td valign=\"top\">Workshop on constructs of vocabulary knowledge and associated measures.<\/td>\n<\/tr>\n<tr>\n<td valign=\"top\">12 May 2009<\/td>\n<td colspan=\"2\" valign=\"top\">Jim Lantolf: Departmental lecture<\/td>\n<\/tr>\n<tr>\n<td valign=\"top\">21 May 2009<\/td>\n<td valign=\"top\">Abdulaziz Alturki<\/td>\n<td valign=\"top\">L2 morphological variability<\/td>\n<\/tr>\n<tr>\n<td valign=\"top\">28 May 2009<\/td>\n<td valign=\"top\">Andrea R\u00e9v\u00e9sz<\/td>\n<td valign=\"top\">Task complexity, uptake of recasts, and second language development<\/td>\n<\/tr>\n<tr>\n<td valign=\"top\">4 June 2009<\/td>\n<td valign=\"top\">Anne Margaret Smith<\/td>\n<td valign=\"top\">Including\u00a0dyslexic\u00a0language\u00a0learners<\/td>\n<\/tr>\n<tr>\n<td valign=\"top\">11 June 2009<\/td>\n<td valign=\"top\">Martin Bygate<\/td>\n<td valign=\"top\">Exploring teacher-class interaction: how can we avoid \u2018recasting in the dark\u2019<\/td>\n<\/tr>\n<tr>\n<td valign=\"top\">18 June 2009<\/td>\n<td colspan=\"2\" valign=\"top\">CRILE talk: Paul Meara<\/td>\n<\/tr>\n<tr>\n<td valign=\"top\">25 June 2009<\/td>\n<td valign=\"top\">Alan Waters<\/td>\n<td valign=\"top\">Trends and issues in ELT<br \/>\nteacher training<\/td>\n<\/tr>\n<\/tbody>\n<\/table>\n<h2><\/h2>\n","protected":false},"excerpt":{"rendered":"<p>&nbsp; Date Speaker Topic 16 Oct 2008 Judit Kormos A draft research project design 23 Oct 2008 Chihiro Inoue Elicitation tasks 30 Oct 2008 Virginia Samuda &amp; Martin Bygate Field, purpose and involvement as dimensions in task performance 6 Nov 2008 Andrea R\u00e9v\u00e9sz Task complexity, focus on L2 constructions, and individual differences: A classroom-based study [&hellip;]<\/p>\n","protected":false},"author":36,"featured_media":0,"parent":699,"menu_order":0,"comment_status":"closed","ping_status":"closed","template":"","meta":{"footnotes":""},"class_list":["post-21","page","type-page","status-publish","hentry","post-preview"],"jetpack_sharing_enabled":true,"jetpack_shortlink":"https:\/\/wp.me\/P8b6mH-l","jetpack-related-posts":[],"_links":{"self":[{"href":"http:\/\/wp.lancs.ac.uk\/sllat\/wp-json\/wp\/v2\/pages\/21","targetHints":{"allow":["GET"]}}],"collection":[{"href":"http:\/\/wp.lancs.ac.uk\/sllat\/wp-json\/wp\/v2\/pages"}],"about":[{"href":"http:\/\/wp.lancs.ac.uk\/sllat\/wp-json\/wp\/v2\/types\/page"}],"author":[{"embeddable":true,"href":"http:\/\/wp.lancs.ac.uk\/sllat\/wp-json\/wp\/v2\/users\/36"}],"replies":[{"embeddable":true,"href":"http:\/\/wp.lancs.ac.uk\/sllat\/wp-json\/wp\/v2\/comments?post=21"}],"version-history":[{"count":1,"href":"http:\/\/wp.lancs.ac.uk\/sllat\/wp-json\/wp\/v2\/pages\/21\/revisions"}],"predecessor-version":[{"id":22,"href":"http:\/\/wp.lancs.ac.uk\/sllat\/wp-json\/wp\/v2\/pages\/21\/revisions\/22"}],"up":[{"embeddable":true,"href":"http:\/\/wp.lancs.ac.uk\/sllat\/wp-json\/wp\/v2\/pages\/699"}],"wp:attachment":[{"href":"http:\/\/wp.lancs.ac.uk\/sllat\/wp-json\/wp\/v2\/media?parent=21"}],"curies":[{"name":"wp","href":"https:\/\/api.w.org\/{rel}","templated":true}]}}