{"id":151,"date":"2016-02-15T10:06:45","date_gmt":"2016-02-15T10:06:45","guid":{"rendered":"http:\/\/wp.lancs.ac.uk\/laelpgconference\/?page_id=151"},"modified":"2016-02-15T10:11:20","modified_gmt":"2016-02-15T10:11:20","slug":"volume-9-papers-from-lael-pg-2014","status":"publish","type":"page","link":"http:\/\/wp.lancs.ac.uk\/laelpgconference\/papers-from-lael-pg\/volume-9-papers-from-lael-pg-2014\/","title":{"rendered":"Papers from LAEL PG 2014: Volume 9"},"content":{"rendered":"<h1><\/h1>\n<p><a href=\"http:\/\/www.lancaster.ac.uk\/fass\/events\/laelpgconference\/papers\/v09\/00_9th_LAEL_Proceedings.pdf\"><img data-recalc-dims=\"1\" loading=\"lazy\" decoding=\"async\" class=\"floatRight alignright\" src=\"https:\/\/i0.wp.com\/www.lancaster.ac.uk\/fass\/events\/laelpgconference\/papers\/v09\/LAEL_Volume9_2015-1.png?resize=180%2C285\" alt=\"Volume 9. Papers from LAEL PG 2014\" width=\"180\" height=\"285\" border=\"0\" \/><\/a><strong>Published: 2015<\/strong><br \/>\n<strong>ISSN 1756-123X<\/strong><\/p>\n<p><strong>Editors: <\/strong><br \/>\nCarolina P\u00e9rez-Arredondo, Margarita Calder\u00f3n-L\u00f3pez, Hilda Hidalgo-Avil\u00e9s, David Pask-Hughes<\/p>\n<p><em>Papers from LAEL PG <\/em>is a peer-reviewed, open-access, online publication featuring full papers from the annual Lancaster University Postgraduate Conference in Linguistics and Language Teaching (LAEL PG). There is one volume annually, published in November\/December of the year following the conference. Each volume is edited by a different team of PhD students at the\u00a0<a href=\"http:\/\/www.lancaster.ac.uk\/linguistics\">Department of Linguistics and English Language<\/a> (LAEL), Lancaster University.<\/p>\n<p><a href=\"http:\/\/www.lancaster.ac.uk\/fass\/events\/laelpgconference\/papers\/v09\/00_9th_LAEL_Proceedings.pdf\">Download the whole volume<\/a>, or select individual papers from the contents below.<\/p>\n<h2>Volume 9 Contents<\/h2>\n<table class=\"data\" cellspacing=\"0\" cellpadding=\"0\">\n<tbody>\n<tr>\n<th valign=\"top\">Title\/Author<\/th>\n<th valign=\"top\">Download<\/th>\n<\/tr>\n<tr>\n<td valign=\"top\">Introduction to the Volume<\/td>\n<td valign=\"top\"><em><a href=\"http:\/\/www.lancaster.ac.uk\/fass\/events\/laelpgconference\/papers\/v09\/01_Introduction%20to%20the%20volume.pdf\"><img data-recalc-dims=\"1\" loading=\"lazy\" decoding=\"async\" src=\"https:\/\/i0.wp.com\/www.lancaster.ac.uk\/fass\/events\/laelpgconference\/images\/pdf.gif?resize=34%2C20\" alt=\"Introduction to the Volume\" width=\"34\" height=\"20\" border=\"0\" \/><\/a><\/em><\/td>\n<\/tr>\n<tr>\n<td valign=\"top\">Phrasal verbs, \u201cthe scourge of the learner\u201d<br \/>\nEmilie Riguel<\/td>\n<td valign=\"top\"><em><a href=\"http:\/\/www.lancaster.ac.uk\/fass\/events\/laelpgconference\/papers\/v09\/02_Emilie_Riguel_article.pdf\"><img data-recalc-dims=\"1\" loading=\"lazy\" decoding=\"async\" src=\"https:\/\/i0.wp.com\/www.lancaster.ac.uk\/fass\/events\/laelpgconference\/images\/pdf.gif?resize=34%2C20\" alt=\"Emilie Riguel\" width=\"34\" height=\"20\" border=\"0\" \/><\/a><\/em><\/td>\n<\/tr>\n<tr>\n<td valign=\"top\">The effects of frequency of exposure, elaboration, and individual differences on incidental vocabulary learning<br \/>\nMuna Alshehri<\/td>\n<td valign=\"top\"><em><a href=\"http:\/\/www.lancaster.ac.uk\/fass\/events\/laelpgconference\/papers\/v09\/03_Muna_Alshehri_article.pdf\"><img data-recalc-dims=\"1\" loading=\"lazy\" decoding=\"async\" src=\"https:\/\/i0.wp.com\/www.lancaster.ac.uk\/fass\/events\/laelpgconference\/images\/pdf.gif?resize=34%2C20\" alt=\"Muna Alshehri\" width=\"34\" height=\"20\" border=\"0\" \/><\/a><\/em><\/td>\n<\/tr>\n<tr>\n<td valign=\"top\">Perception, production and perceptual learning in the second language: a study of perceptual learning by L1 Bengali speakers of L2 English<br \/>\nJacqueline Ingham<\/td>\n<td valign=\"top\"><em><a href=\"http:\/\/www.lancaster.ac.uk\/fass\/events\/laelpgconference\/papers\/v09\/04_Jacqueline_Ingham_article.pdf\"><img data-recalc-dims=\"1\" loading=\"lazy\" decoding=\"async\" src=\"https:\/\/i0.wp.com\/www.lancaster.ac.uk\/fass\/events\/laelpgconference\/images\/pdf.gif?resize=34%2C20\" alt=\"Jacqueline Ingham\" width=\"34\" height=\"20\" border=\"0\" \/><\/a><\/em><\/td>\n<\/tr>\n<tr>\n<td valign=\"top\">A corpus-based investigation of the Given before New principle in Tanzanian English<br \/>\nSondos Hassan Ibrahim<\/td>\n<td valign=\"top\"><em><a href=\"http:\/\/www.lancaster.ac.uk\/fass\/events\/laelpgconference\/papers\/v09\/05_Sondos_Hassan_Ibrahim_article.pdf\"><img data-recalc-dims=\"1\" loading=\"lazy\" decoding=\"async\" src=\"https:\/\/i0.wp.com\/www.lancaster.ac.uk\/fass\/events\/laelpgconference\/images\/pdf.gif?resize=34%2C20\" alt=\"Sondos Hassan Ibrahim\" width=\"34\" height=\"20\" border=\"0\" \/><\/a><\/em><\/td>\n<\/tr>\n<tr>\n<td valign=\"top\">Name-calling in Greek YouTube comments<br \/>\nMaria Vasilaki<\/td>\n<td valign=\"top\"><em><a href=\"http:\/\/www.lancaster.ac.uk\/fass\/events\/laelpgconference\/papers\/v09\/06_Maria_Vasilaki_article.pdf\"><img data-recalc-dims=\"1\" loading=\"lazy\" decoding=\"async\" src=\"https:\/\/i0.wp.com\/www.lancaster.ac.uk\/fass\/events\/laelpgconference\/images\/pdf.gif?resize=34%2C20\" alt=\"Maria Vasilaki\" width=\"34\" height=\"20\" border=\"0\" \/><\/a><\/em><\/td>\n<\/tr>\n<tr>\n<td valign=\"top\">Authors&#8217; and Editors&#8217; details<\/td>\n<td valign=\"top\"><em><a href=\"http:\/\/www.lancaster.ac.uk\/fass\/events\/laelpgconference\/papers\/v09\/07_Authors_&amp;_Editors_info.pdf\"><img data-recalc-dims=\"1\" loading=\"lazy\" decoding=\"async\" src=\"https:\/\/i0.wp.com\/www.lancaster.ac.uk\/fass\/events\/laelpgconference\/images\/pdf.gif?resize=34%2C20\" alt=\"Authors' and Editors' details\" width=\"34\" height=\"20\" border=\"0\" \/><\/a><\/em><\/td>\n<\/tr>\n<\/tbody>\n<\/table>\n","protected":false},"excerpt":{"rendered":"<p>Published: 2015 ISSN 1756-123X Editors: Carolina P\u00e9rez-Arredondo, Margarita Calder\u00f3n-L\u00f3pez, Hilda Hidalgo-Avil\u00e9s, David Pask-Hughes Papers from LAEL PG is a peer-reviewed, open-access, online publication featuring full papers from the annual Lancaster University Postgraduate Conference in Linguistics and Language Teaching (LAEL PG). There is one volume annually, published in November\/December of the year following the conference. Each&hellip;<\/p>\n","protected":false},"author":36,"featured_media":0,"parent":52,"menu_order":0,"comment_status":"closed","ping_status":"closed","template":"","meta":{"jetpack_post_was_ever_published":false,"footnotes":""},"class_list":["post-151","page","type-page","status-publish","hentry"],"jetpack_sharing_enabled":true,"jetpack_shortlink":"https:\/\/wp.me\/P8m85o-2r","jetpack-related-posts":[],"_links":{"self":[{"href":"http:\/\/wp.lancs.ac.uk\/laelpgconference\/wp-json\/wp\/v2\/pages\/151","targetHints":{"allow":["GET"]}}],"collection":[{"href":"http:\/\/wp.lancs.ac.uk\/laelpgconference\/wp-json\/wp\/v2\/pages"}],"about":[{"href":"http:\/\/wp.lancs.ac.uk\/laelpgconference\/wp-json\/wp\/v2\/types\/page"}],"author":[{"embeddable":true,"href":"http:\/\/wp.lancs.ac.uk\/laelpgconference\/wp-json\/wp\/v2\/users\/36"}],"replies":[{"embeddable":true,"href":"http:\/\/wp.lancs.ac.uk\/laelpgconference\/wp-json\/wp\/v2\/comments?post=151"}],"version-history":[{"count":5,"href":"http:\/\/wp.lancs.ac.uk\/laelpgconference\/wp-json\/wp\/v2\/pages\/151\/revisions"}],"predecessor-version":[{"id":156,"href":"http:\/\/wp.lancs.ac.uk\/laelpgconference\/wp-json\/wp\/v2\/pages\/151\/revisions\/156"}],"up":[{"embeddable":true,"href":"http:\/\/wp.lancs.ac.uk\/laelpgconference\/wp-json\/wp\/v2\/pages\/52"}],"wp:attachment":[{"href":"http:\/\/wp.lancs.ac.uk\/laelpgconference\/wp-json\/wp\/v2\/media?parent=151"}],"curies":[{"name":"wp","href":"https:\/\/api.w.org\/{rel}","templated":true}]}}