{"id":8,"date":"2016-11-30T15:40:04","date_gmt":"2016-11-30T15:40:04","guid":{"rendered":"http:\/\/wp.lancs.ac.uk\/futuro-portugues\/?page_id=8"},"modified":"2017-02-09T19:45:12","modified_gmt":"2017-02-09T19:45:12","slug":"oradores","status":"publish","type":"page","link":"http:\/\/wp.lancs.ac.uk\/futuro-portugues\/oradores\/","title":{"rendered":"Oradores"},"content":{"rendered":"<p>&nbsp;<\/p>\n<table style=\"width: 706px\">\n<tbody>\n<tr style=\"height: 62px\">\n<td style=\"width: 72.8px;height: 62px;text-align: left;vertical-align: top\"><img data-recalc-dims=\"1\" loading=\"lazy\" decoding=\"async\" data-attachment-id=\"242\" data-permalink=\"http:\/\/wp.lancs.ac.uk\/futuro-portugues\/oradores\/see-joao-costa\/\" data-orig-file=\"https:\/\/i0.wp.com\/wp.lancs.ac.uk\/futuro-portugues\/files\/2016\/11\/see-joao-costa.jpg?fit=1260%2C1680\" data-orig-size=\"1260,1680\" data-comments-opened=\"0\" data-image-meta=\"{&quot;aperture&quot;:&quot;4.5&quot;,&quot;credit&quot;:&quot;&quot;,&quot;camera&quot;:&quot;Canon EOS 5D Mark III&quot;,&quot;caption&quot;:&quot;&quot;,&quot;created_timestamp&quot;:&quot;1449138661&quot;,&quot;copyright&quot;:&quot;&quot;,&quot;focal_length&quot;:&quot;90&quot;,&quot;iso&quot;:&quot;100&quot;,&quot;shutter_speed&quot;:&quot;0.00625&quot;,&quot;title&quot;:&quot;&quot;,&quot;orientation&quot;:&quot;0&quot;}\" data-image-title=\"see-joao-costa\" data-image-description=\"\" data-image-caption=\"\" data-large-file=\"https:\/\/i0.wp.com\/wp.lancs.ac.uk\/futuro-portugues\/files\/2016\/11\/see-joao-costa.jpg?fit=676%2C901\" class=\"alignnone wp-image-242 size-thumbnail\" src=\"https:\/\/i0.wp.com\/wp.lancs.ac.uk\/futuro-portugues\/files\/2016\/11\/see-joao-costa.jpg?resize=150%2C150\" width=\"150\" height=\"150\" srcset=\"https:\/\/i0.wp.com\/wp.lancs.ac.uk\/futuro-portugues\/files\/2016\/11\/see-joao-costa.jpg?resize=150%2C150 150w, https:\/\/i0.wp.com\/wp.lancs.ac.uk\/futuro-portugues\/files\/2016\/11\/see-joao-costa.jpg?zoom=2&amp;resize=150%2C150 300w, https:\/\/i0.wp.com\/wp.lancs.ac.uk\/futuro-portugues\/files\/2016\/11\/see-joao-costa.jpg?zoom=3&amp;resize=150%2C150 450w\" sizes=\"auto, (max-width: 150px) 100vw, 150px\" \/><\/td>\n<td style=\"width: 268.2px;height: 62px;vertical-align: top;text-align: left\"><a href=\"http:\/\/www.portugal.gov.pt\/pt\/ministerios\/medu\/equipa\/secretario-estado\/joao-costa.aspx\"><span style=\"font-size: 12pt\"><strong><span class=\"blackTitle4\">Jo\u00e3o Costa,\u00a0<\/span>Secret\u00e1rio de Estado da Educa\u00e7\u00e3o<\/strong><\/span><\/a><\/p>\n<p><span style=\"font-size: 12pt\">Professor Catedr\u00e1tico de Lingu\u00edstica e, at\u00e9 novembro de 2015, Diretor da Faculdade de Ci\u00eancias Sociais e Humanas, Universidade Nova de Lisboa.<\/span><\/td>\n<\/tr>\n<tr style=\"height: 181px\">\n<td style=\"width: 72.8px;height: 181px;text-align: left;vertical-align: top\">\u00a0<img data-recalc-dims=\"1\" loading=\"lazy\" decoding=\"async\" class=\"alignnone\" src=\"https:\/\/i0.wp.com\/wp.lancs.ac.uk\/futuro-portugues\/files\/2016\/11\/Tatiana-Correia-1.jpeg?resize=150%2C150\" alt=\"tatiana-correia\" width=\"150\" height=\"150\" \/><\/td>\n<td style=\"width: 268.2px;height: 181px;vertical-align: top;text-align: left\"><a href=\"https:\/\/connect.innovateuk.org\/web\/nanoktn\/who-we-are\"><strong>Tatiana Correia<\/strong><\/a><\/p>\n<p>Co-fundadora e directora do projecto <a href=\"http:\/\/www.nativescientist.com\/\">Native Scientist<\/a><\/td>\n<\/tr>\n<tr style=\"height: 104.6px\">\n<td style=\"width: 72.8px;height: 104.6px;text-align: left;vertical-align: top\"><img data-recalc-dims=\"1\" loading=\"lazy\" decoding=\"async\" data-attachment-id=\"286\" data-permalink=\"http:\/\/wp.lancs.ac.uk\/futuro-portugues\/oradores\/adelaide_cristovao-2\/\" data-orig-file=\"https:\/\/i0.wp.com\/wp.lancs.ac.uk\/futuro-portugues\/files\/2016\/11\/adelaide_cristovao-1.jpg?fit=336%2C358\" data-orig-size=\"336,358\" data-comments-opened=\"0\" data-image-meta=\"{&quot;aperture&quot;:&quot;0&quot;,&quot;credit&quot;:&quot;Ines Raposo&quot;,&quot;camera&quot;:&quot;&quot;,&quot;caption&quot;:&quot;&quot;,&quot;created_timestamp&quot;:&quot;1385135287&quot;,&quot;copyright&quot;:&quot;&quot;,&quot;focal_length&quot;:&quot;0&quot;,&quot;iso&quot;:&quot;0&quot;,&quot;shutter_speed&quot;:&quot;0&quot;,&quot;title&quot;:&quot;&quot;,&quot;orientation&quot;:&quot;1&quot;}\" data-image-title=\"adelaide_cristovao\" data-image-description=\"\" data-image-caption=\"\" data-large-file=\"https:\/\/i0.wp.com\/wp.lancs.ac.uk\/futuro-portugues\/files\/2016\/11\/adelaide_cristovao-1.jpg?fit=336%2C358\" class=\"alignnone wp-image-286 size-thumbnail\" src=\"https:\/\/i0.wp.com\/wp.lancs.ac.uk\/futuro-portugues\/files\/2016\/11\/adelaide_cristovao-1.jpg?resize=150%2C150\" width=\"150\" height=\"150\" srcset=\"https:\/\/i0.wp.com\/wp.lancs.ac.uk\/futuro-portugues\/files\/2016\/11\/adelaide_cristovao-1.jpg?resize=150%2C150 150w, https:\/\/i0.wp.com\/wp.lancs.ac.uk\/futuro-portugues\/files\/2016\/11\/adelaide_cristovao-1.jpg?zoom=2&amp;resize=150%2C150 300w\" sizes=\"auto, (max-width: 150px) 100vw, 150px\" \/><\/td>\n<td style=\"width: 268.2px;height: 104.6px;vertical-align: top;text-align: left\">Adelaide Crist\u00f3v\u00e3o<\/p>\n<p>Coordenadora do Ensino de Portugu\u00eas em Fran\u00e7a,\u00a0Instituto Cam\u00f5es (<a href=\"http:\/\/www.epefrance.org\">web<\/a>)<\/p>\n<p>&nbsp;<\/td>\n<\/tr>\n<tr style=\"height: 181px\">\n<td style=\"width: 72.8px;height: 181px;text-align: left;vertical-align: top\"><img data-recalc-dims=\"1\" loading=\"lazy\" decoding=\"async\" src=\"https:\/\/i0.wp.com\/wp.lancs.ac.uk\/futuro-portugues\/files\/2016\/11\/RD.jpg?resize=150%2C150\" alt=\"rd\" width=\"150\" height=\"150\" \/><\/td>\n<td style=\"width: 268.2px;height: 181px;vertical-align: top;text-align: left\"><strong>Regina Duar<\/strong><strong>te<\/strong><\/p>\n<p>Coordenadora do Ensino de Portugu\u00eas no Reino Unido e Ilhas do Canal,\u00a0Instituto Cam\u00f5es (<a href=\"http:\/\/e-portugues.co.uk\/\">web<\/a>)<\/td>\n<\/tr>\n<tr style=\"height: 181px\">\n<td style=\"width: 72.8px;height: 181px;text-align: left;vertical-align: top\">\u00a0<img data-recalc-dims=\"1\" loading=\"lazy\" decoding=\"async\" src=\"https:\/\/i0.wp.com\/wp.lancs.ac.uk\/futuro-portugues\/files\/2016\/11\/foto_sbl_1_400x400.jpg?resize=150%2C150\" alt=\"foto_sbl_1_400x400\" width=\"150\" height=\"150\" \/><\/td>\n<td style=\"width: 268.2px;height: 181px;vertical-align: top;text-align: left\">\u00a0<a href=\"http:\/\/visao.sapo.pt\/autores\/2015-10-21-Sara-Belo-Luis\"><strong>Sara Belo Luis<\/strong><\/a><\/p>\n<p>Jornalista, editora executiva da VIS\u00c3O e editora da VIS\u00c3O Sete<\/td>\n<\/tr>\n<tr style=\"height: 181px\">\n<td style=\"width: 72.8px;height: 181px;text-align: left;vertical-align: top\">\u00a0<img data-recalc-dims=\"1\" loading=\"lazy\" decoding=\"async\" src=\"https:\/\/i0.wp.com\/wp.lancs.ac.uk\/futuro-portugues\/files\/2016\/11\/SM.jpg?resize=150%2C150\" alt=\"sm\" width=\"150\" height=\"150\" \/><\/td>\n<td style=\"width: 268.2px;height: 181px;vertical-align: top;text-align: left\"><a href=\"https:\/\/www.leeds.ac.uk\/arts\/profile\/20043\/549\/sofia_martinho\">\u00a0<strong>Sofia Martinho<\/strong><\/a><\/p>\n<p>Leitora de Portugu\u00eas e Directora do Cam\u00f5es Centre for Portuguese Language, Universidade de Leeds<\/td>\n<\/tr>\n<tr style=\"height: 61px\">\n<td style=\"width: 72.8px;height: 61px;text-align: left;vertical-align: top\"><img data-recalc-dims=\"1\" loading=\"lazy\" decoding=\"async\" data-attachment-id=\"280\" data-permalink=\"http:\/\/wp.lancs.ac.uk\/futuro-portugues\/oradores\/img_20151124-2\/\" data-orig-file=\"https:\/\/i0.wp.com\/wp.lancs.ac.uk\/futuro-portugues\/files\/2016\/11\/IMG_20151124-2.jpg?fit=2003%2C2380\" data-orig-size=\"2003,2380\" data-comments-opened=\"0\" data-image-meta=\"{&quot;aperture&quot;:&quot;2&quot;,&quot;credit&quot;:&quot;&quot;,&quot;camera&quot;:&quot;Nexus 6P&quot;,&quot;caption&quot;:&quot;&quot;,&quot;created_timestamp&quot;:&quot;1448398147&quot;,&quot;copyright&quot;:&quot;&quot;,&quot;focal_length&quot;:&quot;4.67&quot;,&quot;iso&quot;:&quot;138&quot;,&quot;shutter_speed&quot;:&quot;0.016666666666667&quot;,&quot;title&quot;:&quot;&quot;,&quot;orientation&quot;:&quot;1&quot;}\" data-image-title=\"IMG_20151124-2\" data-image-description=\"\" data-image-caption=\"\" data-large-file=\"https:\/\/i0.wp.com\/wp.lancs.ac.uk\/futuro-portugues\/files\/2016\/11\/IMG_20151124-2.jpg?fit=676%2C803\" class=\"alignnone wp-image-280 size-thumbnail\" src=\"https:\/\/i0.wp.com\/wp.lancs.ac.uk\/futuro-portugues\/files\/2016\/11\/IMG_20151124-2.jpg?resize=150%2C150\" width=\"150\" height=\"150\" srcset=\"https:\/\/i0.wp.com\/wp.lancs.ac.uk\/futuro-portugues\/files\/2016\/11\/IMG_20151124-2.jpg?resize=150%2C150 150w, https:\/\/i0.wp.com\/wp.lancs.ac.uk\/futuro-portugues\/files\/2016\/11\/IMG_20151124-2.jpg?zoom=2&amp;resize=150%2C150 300w, https:\/\/i0.wp.com\/wp.lancs.ac.uk\/futuro-portugues\/files\/2016\/11\/IMG_20151124-2.jpg?zoom=3&amp;resize=150%2C150 450w\" sizes=\"auto, (max-width: 150px) 100vw, 150px\" \/><\/td>\n<td style=\"width: 268.2px;height: 61px;vertical-align: top;text-align: left\"><strong>M\u00e1rcia Fortuna<\/strong><\/p>\n<div>Adjunta da Coordena\u00e7\u00e3o do Ensino de Portugu\u00eas no Reino Unido e Ilhas do Canal,\u00a0Instituto Cam\u00f5es<\/div>\n<div><\/div>\n<\/td>\n<\/tr>\n<\/tbody>\n<\/table>\n","protected":false},"excerpt":{"rendered":"<p>&nbsp; Jo\u00e3o Costa,\u00a0Secret\u00e1rio de Estado da Educa\u00e7\u00e3o Professor Catedr\u00e1tico de Lingu\u00edstica e, at\u00e9 novembro de 2015, Diretor da Faculdade de Ci\u00eancias Sociais e Humanas, Universidade Nova de Lisboa. \u00a0 Tatiana Correia Co-fundadora e directora do projecto Native Scientist Adelaide Crist\u00f3v\u00e3o Coordenadora do Ensino de Portugu\u00eas em Fran\u00e7a,\u00a0Instituto Cam\u00f5es (web) &nbsp; Regina Duarte Coordenadora do Ensino [&hellip;]<\/p>\n","protected":false},"author":36,"featured_media":0,"parent":0,"menu_order":0,"comment_status":"closed","ping_status":"closed","template":"","meta":{"footnotes":""},"class_list":["post-8","page","type-page","status-publish","hentry"],"jetpack_sharing_enabled":true,"jetpack_shortlink":"https:\/\/wp.me\/P8b6hh-8","jetpack-related-posts":[],"_links":{"self":[{"href":"http:\/\/wp.lancs.ac.uk\/futuro-portugues\/wp-json\/wp\/v2\/pages\/8","targetHints":{"allow":["GET"]}}],"collection":[{"href":"http:\/\/wp.lancs.ac.uk\/futuro-portugues\/wp-json\/wp\/v2\/pages"}],"about":[{"href":"http:\/\/wp.lancs.ac.uk\/futuro-portugues\/wp-json\/wp\/v2\/types\/page"}],"author":[{"embeddable":true,"href":"http:\/\/wp.lancs.ac.uk\/futuro-portugues\/wp-json\/wp\/v2\/users\/36"}],"replies":[{"embeddable":true,"href":"http:\/\/wp.lancs.ac.uk\/futuro-portugues\/wp-json\/wp\/v2\/comments?post=8"}],"version-history":[{"count":59,"href":"http:\/\/wp.lancs.ac.uk\/futuro-portugues\/wp-json\/wp\/v2\/pages\/8\/revisions"}],"predecessor-version":[{"id":355,"href":"http:\/\/wp.lancs.ac.uk\/futuro-portugues\/wp-json\/wp\/v2\/pages\/8\/revisions\/355"}],"wp:attachment":[{"href":"http:\/\/wp.lancs.ac.uk\/futuro-portugues\/wp-json\/wp\/v2\/media?parent=8"}],"curies":[{"name":"wp","href":"https:\/\/api.w.org\/{rel}","templated":true}]}}