{"id":6,"date":"2016-11-30T15:39:52","date_gmt":"2016-11-30T15:39:52","guid":{"rendered":"http:\/\/wp.lancs.ac.uk\/futuro-portugues\/?page_id=6"},"modified":"2017-04-01T21:15:31","modified_gmt":"2017-04-01T21:15:31","slug":"home","status":"publish","type":"page","link":"http:\/\/wp.lancs.ac.uk\/futuro-portugues\/","title":{"rendered":"Home"},"content":{"rendered":"<p><strong>Data e local do simp\u00f3sio: 8 de Abril, 2017, Universidade de Lancaster, Reino Unido\u00a0<\/strong><\/p>\n<p>De acordo com o Observat\u00f3rio da Emigra\u00e7\u00e3o, mais de 2,3 milh\u00f5es de portugueses vivem actualmente no estrangeiro, a grande maioria residente em pa\u00edses europeus. Este simp\u00f3sio serve para discutir o futuro da l\u00edngua\u00a0portuguesa na Europa, e particularmente nos dois principais pa\u00edses de destino da emigra\u00e7\u00e3o portuguesa: Reino Unido e Fran\u00e7a.<\/p>\n<p>O programa cient\u00edfico abordar\u00e1 o panorama actual do ensino do portugu\u00eas nas escolas e universidades do Reino Unido e Fran\u00e7a. Quais s\u00e3o os trends actuais?\u00a0Quais s\u00e3o os desafios para o futuro do portugu\u00eas nestes pa\u00edses? Qual o efeito do Brexit? Ser\u00e3o ainda apresentados case studies sobre a promo\u00e7\u00e3o da l\u00edngua portuguesa, nomeadamente o inovador projecto <a href=\"http:\/\/www.nativescientist.com\/\">Native Scientist<\/a>\u00a0e a nova escola bilingue em Londres (<a href=\"http:\/\/angloportugueseschool.org\/\">Anglo-Portuguese School<\/a>). O simp\u00f3sio concluir\u00e1 com uma Mesa Redonda.<\/p>\n<p>A participa\u00e7\u00e3o no simp\u00f3sio \u00e9 gratuita (e inclui almo\u00e7o e coffee breaks) mas h\u00e1 um limite de 50 vagas. O evento \u00e9 uma iniciativa da <a href=\"http:\/\/parsuk.pt\/site\/\">PARSUK<\/a> (Portuguese Association for Researchers and Students) e conta com o apoio financeiro da Universidade de Lancaster.<\/p>\n<p>Patrick Pereira Rebuschat (organizador)<\/p>\n<ul>\n<li>Para contactar a organiza\u00e7\u00e3o deste evento, poder\u00e1 utilizar <a href=\"http:\/\/wp.lancs.ac.uk\/futuro-portugues\/contactos\/\">este\u00a0formul\u00e1rio<\/a>.<\/li>\n<li>Twitter:\u00a0<a href=\"https:\/\/twitter.com\/prebuschat\">@prebuschat<\/a>\u00a0Email:\u00a0<a href=\"mailto:p.rebuschat@lancaster.ac.uk\">p.rebuschat@lancaster.ac.uk<\/a><\/li>\n<\/ul>\n<div id=\"contact-form-14\">\n<p>&nbsp;<\/p>\n<\/div>\n<h6><span style=\"font-family: 'andale mono', times\"><img data-recalc-dims=\"1\" loading=\"lazy\" decoding=\"async\" data-attachment-id=\"181\" data-permalink=\"http:\/\/wp.lancs.ac.uk\/futuro-portugues\/programa\/screen-shot-2013-02-10-at-8-33-11-pm\/\" data-orig-file=\"https:\/\/i0.wp.com\/wp.lancs.ac.uk\/futuro-portugues\/files\/2016\/11\/Screen-Shot-2013-02-10-at-8.33.11-PM.png?fit=449%2C188\" data-orig-size=\"449,188\" data-comments-opened=\"0\" data-image-meta=\"{&quot;aperture&quot;:&quot;0&quot;,&quot;credit&quot;:&quot;&quot;,&quot;camera&quot;:&quot;&quot;,&quot;caption&quot;:&quot;&quot;,&quot;created_timestamp&quot;:&quot;0&quot;,&quot;copyright&quot;:&quot;&quot;,&quot;focal_length&quot;:&quot;0&quot;,&quot;iso&quot;:&quot;0&quot;,&quot;shutter_speed&quot;:&quot;0&quot;,&quot;title&quot;:&quot;&quot;,&quot;orientation&quot;:&quot;0&quot;}\" data-image-title=\"PARSUK\" data-image-description=\"\" data-image-caption=\"\" data-large-file=\"https:\/\/i0.wp.com\/wp.lancs.ac.uk\/futuro-portugues\/files\/2016\/11\/Screen-Shot-2013-02-10-at-8.33.11-PM.png?fit=449%2C188\" class=\"wp-image-181 size-full aligncenter\" src=\"https:\/\/i0.wp.com\/wp.lancs.ac.uk\/futuro-portugues\/files\/2016\/11\/Screen-Shot-2013-02-10-at-8.33.11-PM.png?resize=449%2C188\" alt=\"PARSUK\" width=\"449\" height=\"188\" srcset=\"https:\/\/i0.wp.com\/wp.lancs.ac.uk\/futuro-portugues\/files\/2016\/11\/Screen-Shot-2013-02-10-at-8.33.11-PM.png?w=449 449w, https:\/\/i0.wp.com\/wp.lancs.ac.uk\/futuro-portugues\/files\/2016\/11\/Screen-Shot-2013-02-10-at-8.33.11-PM.png?resize=300%2C126 300w\" sizes=\"auto, (max-width: 449px) 100vw, 449px\" \/><\/span><\/h6>\n<h6><span style=\"font-family: 'andale mono', times\"><img data-recalc-dims=\"1\" loading=\"lazy\" decoding=\"async\" data-attachment-id=\"187\" data-permalink=\"http:\/\/wp.lancs.ac.uk\/futuro-portugues\/home\/fass-lockup\/\" data-orig-file=\"https:\/\/i0.wp.com\/wp.lancs.ac.uk\/futuro-portugues\/files\/2016\/11\/fass-lockup.png?fit=1266%2C178\" data-orig-size=\"1266,178\" data-comments-opened=\"0\" data-image-meta=\"{&quot;aperture&quot;:&quot;0&quot;,&quot;credit&quot;:&quot;&quot;,&quot;camera&quot;:&quot;&quot;,&quot;caption&quot;:&quot;&quot;,&quot;created_timestamp&quot;:&quot;0&quot;,&quot;copyright&quot;:&quot;&quot;,&quot;focal_length&quot;:&quot;0&quot;,&quot;iso&quot;:&quot;0&quot;,&quot;shutter_speed&quot;:&quot;0&quot;,&quot;title&quot;:&quot;&quot;,&quot;orientation&quot;:&quot;0&quot;}\" data-image-title=\"fass-lockup\" data-image-description=\"\" data-image-caption=\"\" data-large-file=\"https:\/\/i0.wp.com\/wp.lancs.ac.uk\/futuro-portugues\/files\/2016\/11\/fass-lockup.png?fit=676%2C95\" class=\"size-large wp-image-187 aligncenter\" src=\"https:\/\/i0.wp.com\/wp.lancs.ac.uk\/futuro-portugues\/files\/2016\/11\/fass-lockup.png?resize=676%2C95\" alt=\"fass-lockup\" width=\"676\" height=\"95\" srcset=\"https:\/\/i0.wp.com\/wp.lancs.ac.uk\/futuro-portugues\/files\/2016\/11\/fass-lockup.png?resize=1024%2C144 1024w, https:\/\/i0.wp.com\/wp.lancs.ac.uk\/futuro-portugues\/files\/2016\/11\/fass-lockup.png?resize=300%2C42 300w, https:\/\/i0.wp.com\/wp.lancs.ac.uk\/futuro-portugues\/files\/2016\/11\/fass-lockup.png?resize=768%2C108 768w, https:\/\/i0.wp.com\/wp.lancs.ac.uk\/futuro-portugues\/files\/2016\/11\/fass-lockup.png?resize=676%2C95 676w, https:\/\/i0.wp.com\/wp.lancs.ac.uk\/futuro-portugues\/files\/2016\/11\/fass-lockup.png?w=1266 1266w\" sizes=\"auto, (max-width: 676px) 100vw, 676px\" \/><\/span><\/h6>\n<h5 style=\"text-align: center\">Patrocinador \/ Sponsor PARSUK<\/h5>\n<h2><a href=\"https:\/\/www.cgd.pt\/Particulares\/A-sua-Medida\/Residentes-no-Estrangeiro\/Pages\/Solucoes-RE.aspx\"><img loading=\"lazy\" decoding=\"async\" class=\"aligncenter\" src=\"http:\/\/i2.wp.com\/parsuk.pt\/site\/wp-content\/uploads\/2014\/10\/CGD2.png?resize=300%2C90\" alt=\"CGD2\" width=\"327\" height=\"98\" \/><\/a><\/h2>\n<h6><\/h6>\n<p>&nbsp;<\/p>\n","protected":false},"excerpt":{"rendered":"<p>Data e local do simp\u00f3sio: 8 de Abril, 2017, Universidade de Lancaster, Reino Unido\u00a0 De acordo com o Observat\u00f3rio da Emigra\u00e7\u00e3o, mais de 2,3 milh\u00f5es de portugueses vivem actualmente no estrangeiro, a grande maioria residente em pa\u00edses europeus. Este simp\u00f3sio serve para discutir o futuro da l\u00edngua\u00a0portuguesa na Europa, e particularmente nos dois principais pa\u00edses [&hellip;]<\/p>\n","protected":false},"author":36,"featured_media":0,"parent":0,"menu_order":0,"comment_status":"closed","ping_status":"closed","template":"","meta":{"footnotes":""},"class_list":["post-6","page","type-page","status-publish","hentry"],"jetpack_sharing_enabled":true,"jetpack_shortlink":"https:\/\/wp.me\/P8b6hh-6","jetpack-related-posts":[],"_links":{"self":[{"href":"http:\/\/wp.lancs.ac.uk\/futuro-portugues\/wp-json\/wp\/v2\/pages\/6","targetHints":{"allow":["GET"]}}],"collection":[{"href":"http:\/\/wp.lancs.ac.uk\/futuro-portugues\/wp-json\/wp\/v2\/pages"}],"about":[{"href":"http:\/\/wp.lancs.ac.uk\/futuro-portugues\/wp-json\/wp\/v2\/types\/page"}],"author":[{"embeddable":true,"href":"http:\/\/wp.lancs.ac.uk\/futuro-portugues\/wp-json\/wp\/v2\/users\/36"}],"replies":[{"embeddable":true,"href":"http:\/\/wp.lancs.ac.uk\/futuro-portugues\/wp-json\/wp\/v2\/comments?post=6"}],"version-history":[{"count":27,"href":"http:\/\/wp.lancs.ac.uk\/futuro-portugues\/wp-json\/wp\/v2\/pages\/6\/revisions"}],"predecessor-version":[{"id":392,"href":"http:\/\/wp.lancs.ac.uk\/futuro-portugues\/wp-json\/wp\/v2\/pages\/6\/revisions\/392"}],"wp:attachment":[{"href":"http:\/\/wp.lancs.ac.uk\/futuro-portugues\/wp-json\/wp\/v2\/media?parent=6"}],"curies":[{"name":"wp","href":"https:\/\/api.w.org\/{rel}","templated":true}]}}