{"id":66,"date":"2020-07-23T21:06:21","date_gmt":"2020-07-23T21:06:21","guid":{"rendered":"http:\/\/wp.lancs.ac.uk\/decolonising\/?page_id=66"},"modified":"2021-05-28T10:34:43","modified_gmt":"2021-05-28T10:34:43","slug":"starters","status":"publish","type":"page","link":"http:\/\/wp.lancs.ac.uk\/decolonising\/starters\/","title":{"rendered":"GENERAL (ACADEMIC) LITERATURE ON DECOLONISING"},"content":{"rendered":"<h3><\/h3>\n<h3>Decolonising and Race issues at Lancaster<\/h3>\n<p><a href=\"http:\/\/wp.lancs.ac.uk\/decolonising\/files\/2020\/07\/Decolonising-Lancaster-An-Introduction-by-Sofia-Akel-2018.pdf\">Sofia Akel (2018) Decolonising Lancaster: An Introduction<\/a><\/p>\n<p><a href=\"http:\/\/wp.lancs.ac.uk\/decolonising\/files\/2020\/07\/Built-in-Barriers-.pdf\">Aqsa Ahmed and Darayus Bharucha (2020) Built-in Barriers: The Role of Race in Shaping BME Student Experiences at Lancaster University<\/a><\/p>\n<p>&nbsp;<\/p>\n<h3>Introductions to Decolonising<\/h3>\n<p><a href=\"https:\/\/www.liverpool.ac.uk\/centre-for-innovation-in-education\/resources\/all-resources\/decolonising-the-curriculum.html\">Decolonising the Curriculum &#8211; An Introduction<\/a><\/p>\n<p><a href=\"https:\/\/www.soas.ac.uk\/blogs\/study\/decolonising-curriculum-whats-the-fuss\/\">Decolonising the Curriculum &#8211; what&#8217;s all the fuss about?\u00a0<\/a><\/p>\n<p><a href=\"https:\/\/insights.uksg.org\/articles\/10.1629\/uksg.475\/\">Decolonising the Curriculum<\/a><\/p>\n<p class=\"content__headline \"><a href=\"https:\/\/www.theguardian.com\/education\/2020\/aug\/20\/decolonising-the-university-a-new-students-guide-to-campus-activism\">Decolonising the university: a new student&#8217;s guide to campus activism<\/a><\/p>\n<p><a href=\"https:\/\/globalsocialtheory.org\/\">Global Social Theory &#8211; resource with extensive reading lists by concept, thinker and topic.<\/a><\/p>\n<p><a href=\"https:\/\/novaramedia.com\/2015\/03\/23\/8-reasons-the-curriculum-is-white\/\">8 Reasons the Curriculum is White<\/a><\/p>\n<p><a href=\"http:\/\/www.historyisaweapon.com\/defcon1\/lordedismantle.html\">The Master&#8217;s Tools will Never Dismantle The Master&#8217;s House<\/a><\/p>\n<p><a href=\"https:\/\/plato.stanford.edu\/entries\/race\/\">Race (Stanford Encyclopaedia of Philosophy)<\/a><\/p>\n<p><a href=\"https:\/\/ddubdrahcir.wordpress.com\/2020\/06\/11\/whiteness-and-the-academy\/\">Whiteness and the Academy<\/a><\/p>\n<h3><\/h3>\n<h3>General Books\/Articles<\/h3>\n<p>Akel, S. (2019). <em>Insider-Outsider: The Role of Race in Shaping the Experiences of Black and Minority Ethnic Students<\/em>.<\/p>\n<p>Bhambra, G. Gebrial, D. and Ni\u015fanc\u0131o\u011flu, K. (2018) <em>Decolonising the University. <\/em>Pluto Press.<\/p>\n<p>Crenshaw, K. (1989). Demarginalizing the Intersection of Race and Sex: A Black Feminist Critique of Antidiscrimination Doctrine, Feminist Theory and Antiracist Politics. University of Chicago Legal Forum, 1989(1), pp.139-166.<\/p>\n<p>DiAngelo, R. (2011). White Fragility. <em>International Journal of Critical Pedagogy<\/em>, <em>3<\/em>(3), pp.54\u201370.<\/p>\n<p>Eddo-Lodge, R. (2017) <em>Why I\u2019m No Longer Talking to White People About Race<\/em>. UK: Bloomsbury Publishing.<\/p>\n<p>Greer, C. (2013) <em>Black Ethnics: Race, Immigration, and the Pursuit of the American Dream. <\/em>Oxford University Press.<\/p>\n<p>Gopal, P. (2019) <em>Insurgent Empire: Anticolonial Resistance and British Dissent. <\/em><\/p>\n<p>Lowrey, W. (2017) <em>They Can\u2019t Kill Us All: The Story of Black Lives Matter.<\/em><\/p>\n<p>LeBron, C. (2017) <em>The Making of Black Lives Matter: A Brief History of an Idea. <\/em>Oxford University Press.<\/p>\n<p>Olusoga, D. (2017) <em>Black and British: A Forgotten History. <\/em><\/p>\n<p>Puwar, N. (2004). <em>Space Invaders: Race, Gender and Bodies Out of Place<\/em>. Oxford: Berg.<\/p>\n<p>Persuad, R., and Sajed, A. (2018) <em>Race, Gender, and Culture in International Relations: Postcolonial Perspectives. <\/em><\/p>\n<p>Santos, B. de S. (2016). <em>Epistemologies of the South: Justice against epistemicide<\/em>. Oxford: Routledge.<\/p>\n<p>Steyn, M., et al. (2021) <a href=\"https:\/\/library.oapen.org\/handle\/20.500.12657\/46908?fbclid=IwAR1t4PtLknqIgdiIDQLZEU_QfYj785u2KPGvhM0YcR7stnSKFi40xXBLL-w\"><em>Decolonising the Human:\u00a0Reflections from Africa on difference and oppression.<\/em><\/a>\u00a0Johannesburg: Wits University Press.<\/p>\n<p>Taylor, P. (2004) <em>Race: A Philosophical Introduction. <\/em>Cambridge: Polity.<\/p>\n<p>Younge, G. (1999) <em>No Place Like Home: A Black Briton\u2019s Journey Through the American South. <\/em><\/p>\n","protected":false},"excerpt":{"rendered":"<p>Decolonising and Race issues at Lancaster Sofia Akel (2018) Decolonising Lancaster: An Introduction Aqsa Ahmed and Darayus Bharucha (2020) Built-in Barriers: The Role of Race in Shaping BME Student Experiences [&hellip;]<\/p>\n","protected":false},"author":1122,"featured_media":0,"parent":0,"menu_order":0,"comment_status":"closed","ping_status":"closed","template":"","meta":{"footnotes":""},"class_list":["post-66","page","type-page","status-publish","hentry"],"jetpack_sharing_enabled":true,"_links":{"self":[{"href":"http:\/\/wp.lancs.ac.uk\/decolonising\/wp-json\/wp\/v2\/pages\/66","targetHints":{"allow":["GET"]}}],"collection":[{"href":"http:\/\/wp.lancs.ac.uk\/decolonising\/wp-json\/wp\/v2\/pages"}],"about":[{"href":"http:\/\/wp.lancs.ac.uk\/decolonising\/wp-json\/wp\/v2\/types\/page"}],"author":[{"embeddable":true,"href":"http:\/\/wp.lancs.ac.uk\/decolonising\/wp-json\/wp\/v2\/users\/1122"}],"replies":[{"embeddable":true,"href":"http:\/\/wp.lancs.ac.uk\/decolonising\/wp-json\/wp\/v2\/comments?post=66"}],"version-history":[{"count":19,"href":"http:\/\/wp.lancs.ac.uk\/decolonising\/wp-json\/wp\/v2\/pages\/66\/revisions"}],"predecessor-version":[{"id":354,"href":"http:\/\/wp.lancs.ac.uk\/decolonising\/wp-json\/wp\/v2\/pages\/66\/revisions\/354"}],"wp:attachment":[{"href":"http:\/\/wp.lancs.ac.uk\/decolonising\/wp-json\/wp\/v2\/media?parent=66"}],"curies":[{"name":"wp","href":"https:\/\/api.w.org\/{rel}","templated":true}]}}